(base 4) to base 8
-22567
What is 12010201 (base 3) in base 8?
7241
-224 (base 13) to base 12
-268
1226 (base 7) to base 4
13031
dde (base 15) to base 8
6076
What is 1c6 (base 15) in base 11?
344
Convert -1449 (base 10) to base 6.
-10413
What is -11011111101100 (base 2) in base 9?
-21566
Convert 22771 (base 10) to base 7.
123250
-1022200 (base 3) to base 6
-4243
Convert -11454 (base 7) to base 11.
-2269
21000 (base 3) to base 10
189
What is 13021102 (base 4) in base 9?
44127
Convert 3742 (base 9) to base 13.
136a
What is 313301 (base 4) in base 9?
4805
What is 11100101011010 (base 2) in base 6?
151550
What is -a83 (base 11) in base 7?
-3536
1 (base 7) to base 9
1
Convert 307 (base 13) to base 15.
244
What is -325 (base 6) in base 7?
-236
Convert -811 (base 16) to base 15.
-92a
22032013 (base 4) to base 16
a387
What is -7015 (base 8) in base 6?
-24353
1292 (base 15) to base 12
2362
Convert -10012 (base 9) to base 3.
-100000102
What is -233 (base 16) in base 6?
-2335
101122011 (base 3) to base 5
222003
What is -68c (base 15) in base 9?
-2026
What is -145344 (base 7) in base 4?
-12322101
-6026 (base 7) to base 2
-100000011110
What is 51203 (base 6) in base 4?
1221303
Convert -10c0 (base 15) to base 4.
-313203
-1001000101 (base 2) to base 6
-2405
34005 (base 7) to base 16
2184
Convert a2 (base 14) to base 11.
11a
What is -233212 (base 4) in base 2?
-101111100110
What is -1237 (base 11) in base 2?
-11001001101
What is -310334 (base 5) in base 10?
-10094
What is -142101 (base 5) in base 2?
-1011100001101
Convert 6116 (base 7) to base 9.
2815
What is -76103 (base 9) in base 11?
-34945
Convert 481 (base 16) to base 5.
14103
Convert -520 (base 9) to base 2.
-110100111
What is 17170 (base 9) in base 14?
4436
What is 1010100 (base 3) in base 5?
11234
-76221 (base 8) to base 15
-96ae
Convert 164 (base 15) to base 5.
2234
What is -23456 (base 8) in base 16?
-272e
What is 44 (base 12) in base 6?
124
What is -5d60 (base 16) in base 11?
-16a61
-310 (base 4) to base 8
-64
Convert -1494b (base 12) to base 10.
-29003
What is -135 (base 16) in base 13?
-1aa
Convert -47850 (base 9) to base 8.
-76450
-26bf (base 16) to base 11
-74a8
Convert 118 (base 11) to base 8.
214
What is 1002011 (base 3) in base 9?
1064
Convert 20a (base 12) to base 16.
12a
Convert 331 (base 16) to base 2.
1100110001
What is -2471 (base 11) in base 9?
-4372
-3a6 (base 13) to base 15
-2cd
Convert 11306 (base 8) to base 14.
1a74
What is 244340 (base 5) in base 7?
36150
What is 946 (base 14) in base 5?
24301
What is -484 (base 14) in base 16?
-384
6893 (base 12) to base 11
8814
421 (base 14) to base 6
3433
10033 (base 6) to base 11
a98
What is -422 (base 12) in base 13?
-374
Convert -672 (base 9) to base 13.
-335
-298 (base 16) to base 14
-356
What is -441 (base 6) in base 15?
-b4
Convert 30365 (base 7) to base 12.
4345
What is 2304 (base 14) in base 10?
6080
Convert 29a22 (base 12) to base 10.
58490
-15381 (base 9) to base 6
-120414
Convert 155216 (base 7) to base 8.
73656
What is 250 (base 14) in base 13?
297
Convert 1022221012 (base 3) to base 7.
136241
What is 210011212 (base 3) in base 11?
10667
-b190 (base 13) to base 10
-24453
Convert -1221002211 (base 3) to base 16.
-9460
What is -5024 (base 7) in base 11?
-1336
Convert 555 (base 9) to base 6.
2035
-b2 (base 12) to base 15
-8e
What is 43 (base 5) in base 4?
113
What is -2 (base 3) in base 16?
-2
-11003 (base 5) to base 11
-625
Convert -12630 (base 14) to base 6.
-544522
Convert -a514 (base 13) to base 8.
-54460
What is -2703 (base 14) in base 3?
-100102012
-560 (base 7) to base 14
-167
Convert 112240 (base 6) to base 5.
301400
Convert 21075 (base 11) to base 8.
73747
451 (base 6) to base 2
10101111
Convert -145 (base 14) to base 3.
-100112
What is -360 (base 10) in base 13?
-219
a842 (base 13) to base 8
55520
1637 (base 10) to base 11
1259
Convert -14221 (base 6) to base 10.
-2245
-35450 (base 11) to base 6
-1032353
Convert -5a3c (base 13) to base 6.
-134530
What is 520 (base 7) in base 15?
124
-51c (base 14) to base 10
-1006
What is -23001 (base 4) in base 12?
-4a9
Convert 1101112 (base 4) to base 15.
1821
What is -60322 (base 7) in base 6?
-151241
-3400 (base 8) to base 16
-700
What is -4815 (base 9) in base 13?
-1823
Convert 480 (base 10) to base 5.
3410
-1694 (base 10) to base 8
-3236
Convert 12121 (base 3) to base 2.
10010111
-2202011 (base 3) to base 5
-31002
Convert -b16 (base 12) to base 14.
-826
Convert -1255 (base 8) to base 6.
-3101
Convert 1454 (base 6) to base 13.
244
Convert -483 (base 14) to base 10.
-899
Convert 1622 (base 9) to base 2.
10011010011
What is 1121111212 (base 3) in base 10?
31721
Convert 4526 (base 16) to base 11.
12333
Convert 1c (base 13) to base 4.
121
Convert -1cb92 (base 13) to base 9.
-86045
Convert 3a (base 13) to base 16.
31
1010011001101 (base 2) to base 10
5325
Convert -5801 (base 11) to base 4.
-1313020
What is 222103 (base 4) in base 14?
db5
What is 48a7 (base 11) in base 10?
6409
What is -1967 (base 11) in base 6?
-15313
-10202 (base 4) to base 16
-122
What is 10010100001110 (base 2) in base 11?
7144
Convert 3202 (base 11) to base 8.
10215
-10001010010 (base 2) to base 16
-452
What is -20012 (base 4) in base 12?
-372
Convert -10110001 (base 2) to base 11.
-151
What is 131 (base 14) in base 13?
155
What is b59 (base 12) in base 14?
861
Convert 3070 (base 8) to base 13.
956
356 (base 14) to base 12
474
What is 200102 (base 3) in base 11?
412
113 (base 15) to base 3
100000
What is 30320 (base 5) in base 16?
7a8
13a20 (base 14) to base 9
73640
-347 (base 16) to base 9
-1132
-11111001111 (base 2) to base 6
-13131
What is 160 (base 10) in base 12?
114
Convert 3550 (base 11) to base 3.
20101100
-1786 (base 12) to base 4
-230112
-22120213 (base 4) to base 13
-1648c
Convert 79 (base 16) to base 14.
89
Convert 4370 (base 13) to base 5.
300021
Convert -2033 (base 7) to base 4.
-23012
What is -3413120 (base 5) in base 10?
-60410
Convert 1d2c (base 15) to base 2.
1100011000110
-2344 (base 10) to base 12
-1434
Convert -11011100111011 (base 2) to base 15.
-42c9
-8203 (base 9) to base 14
-2285
-23302 (base 4) to base 16
-2f2
What is 7642 (base 16) in base 11?
20822
-641 (base 15) to base 13
-847
What is 374 (base 8) in base 10?
252
What is -649 (base 11) in base 14?
-3d9
What is 3220 (base 5) in base 8?
663
What is 4425 (base 7) in base 14?
815
What is -2401 (base 5) in base 9?
-430
Convert -1502 (base 14) to base 9.
-5100
What is -202144 (base 5) in base 11?
-4a14
Convert 24ba (base 12) to base 4.
1001032
Convert 24b (base 12) to base 11.
296
What is -3422 (base 6) in base 5?
-11211
403003 (base 5) to base 14
499c
5231 (base 8) to base 4
222121
What is 5988 (base 11) in base 6?
100144
What is -11229 (base 12) in base 6?
-253253
100000110 (base 2) to base 4
10012
What is 12130 (base 4) in base 16?
19c
Convert -55a (base 11) to base 2.
-1010011110
What is -826 (base 12) in base 9?
-1553
-c (base 15) to base 11
-11
What is 11003 (base 6) in base 7?
4263
Convert 1829 (base 12) to base 11.
2209
2b622 (base 13) to base 11
56947
What is 65a0 (base 14) in base 3?
220010021
Convert 23001 (base 5) to base 8.
3132
Convert -1200100 (base 3) to base 15.
-569
-2b8a (base 15) to base 2
-10010010001011
Convert -1a5a (base 13) to base 16.
-f7a
121010021 (base 3) to base 7
46156
-152441 (base 8) to base 4
-31110201
-2065 (base 14) to base 9
-7576
What is 1556 (base 9) in base 8?
2241
What is -101150 (base 6) in base 9?
-12043
Convert -a95 (base 14) to base 5.
-31331
Convert 123 (base 13) to base 15.
d3
2220122 (base 3) to base 15
968
Convert a779 (base 14) to base 16.
70f7
What is -7625 (base 8) in base 6?
-30245
What is 101133 (base 5) in base 6?
23125
-1100010 (base 2) to base 13
-77
1112121 (base 3) to base 14
5a3
What is 11213 (base 4) in base 9?
438
-65225 (base 8) to base 11
-19555
22021102 (base 3) to base 2
1011110010000
Convert -28138 (base 9) to base 15.
-59b5
What is 111010101111000 (base 2) in base 4?
13111320
8d (base 14) to base 4
1331
What is -3033 (base 7) in base 3?
-1110000
Convert -2333 (base 7) to base 4.
-31121
What is 11605 (base 8) in base 13?
2375
Convert -341a (base 13) to base 3.
-101000000
308 (base 16) to base 14
3d6
-815 (base 14) to base 7
-4425
What is -560 (base 10) in base 2?
-1000110000
-2